 u**3 + 11*u**2 + 25*u + 154. Let z be p(-10). Let q(k) be the first derivative of -k + 0*k**3 + 1/2*k**z - k**2 + 10. Determine q(-1).
-1
Let m(v) = v. Let p(a) = a**3 - 5*a**2 - 2*a - 4. Let o(s) = 5*m(s) + p(s). Suppose -40*i = -52*i + 60. What is o(i)?
11
Suppose 9*f - 65 = 5*f - 3*i, 4*f = 4*i + 100. Let w(h) = -h**3 + 19*h**2 + 19*h + 27. Determine w(f).
7
Let s(o) = o**2 - 5*o + 11. Let u be s(5). Let v(n) = -3*n**2 + n - 1 + u*n**2 - 9*n**2. Determine v(4).
-13
Let b(n) = 2*n**2 + 5*n + 4. Suppose -4*j = a + 16, j - 2*j = -4*a + 4. Give b(j).
16
Let t(o) = -2*o - 2. Let m be t(0). Let w be (7/m + 3)*0. Let p(r) = w*r + 4*r + 4 - 3*r + 0. Give p(-6).
-2
Suppose -4*i = -5*f - 5 - 36, -3*i - 3 = 3*f. Let u(j) = j**2 + 2*j - 5. Determine u(f).
10
Let m be (2 + -5 + 3)/(4 + -2). Let y(r) = -53*r**2 + 105*r**2 - r**3 - 2 - 2*r + m*r**3 - 47*r**2. Determine y(4).
6
Let s(h) = h**3 + 5*h**2 + 2*h + 2. Let p(u) = u**3 - 17*u**2 + 17*u - 21. Let i be p(16). Calculate s(i).
-8
Let x be (-48)/18*-1 - 6/9. Let c(v) = 4*v + 0*v + 4*v. Give c(x).
16
Let f(g) be the first derivative of g**4/4 - 11*g**3/3 + 11*g**2/2 - 7*g + 17. Determine f(10).
3
Let p(g) = -g. Suppose -16*f + 22*f - 36 = 0. Determine p(f).
-6
Let d(g) be the first derivative of -g**3/3 + 5*g**2 - 7*g + 32. Let p(t) = 4*t**2 - 40*t + 27. Let a(o) = -9*d(o) - 2*p(o). What is a(9)?
0
Suppose -2*u + 3 = 4*z + 19, 4*z + 26 = 3*u. Let r(q) = u + q - 4 + 0 + 8. Give r(-5).
1
Let o(m) be the second derivative of m**5/20 + m**4/4 + m**3/2 - 2*m. Let u be ((-2)/(-4))/(3 + 65/(-20)). What is o(u)?
-2
Suppose -424 = 126*f + 206. Let u(j) = 5*j**3 + j**2 - j. Let g(c) = -4*c**3 - 2*c**2 + c + 1. Let w(b) = -4*g(b) - 3*u(b). Determine w(f).
1
Let g(h) = h**3 + 3*h**2 - 5*h + 1. Let t(f) be the third derivative of -f**4/24 + f**3/2 - 10*f**2. Let n be t(7). What is g(n)?
5
Let b = 863 + -872. Let t(j) = -2*j - 14. Calculate t(b).
4
Let z(u) = u - 1. Let f be (-8)/(-3) - (-1)/3. Suppose 2*s + s + f = 0. Give z(s).
-2
Let d(w) = -w**2 - 2*w + 2. Suppose 4*j = -0*j + 12. Suppose j + 0 = p. Let k = -1 - p. Give d(k).
-6
Let p(n) = -n**2 + 6*n - 5. Let l be p(6). Let b(r) be the second derivative of 1/20*r**5 - 5/6*r**3 + 0 + 3*r**2 + 1/3*r**4 - 7*r. Determine b(l).
6
Let k(x) = x**3 - 7*x**2 + 11*x - 13. Let c(s) = -2*s**3 + 15*s**2 - 22*s + 26. Let o(d) = 3*c(d) + 5*k(d). Give o(9).
-5
Let g = -7 + 12. Let w = -20 + 33. Let n(q) = 12*q**2 + 5 - 4 - w*q**2 - 2 + 3*q. Calculate n(g).
-11
Suppose 3*f - 16 = -3*x + f, 4*x - 28 = -4*f. Suppose -5*k + h - 5 = 2, -5*k + x*h - 4 = 0. Let z(r) = -2*r**2 - 2*r + 2. Determine z(k).
-2
Let i be (-12)/8*(0 - 2). Let m(w) = w - i*w + 1 - 4. Let n = 19 - 23. Determine m(n).
5
Let r(h) be the second derivative of h**5/120 - h**4/6 - 3*h**3/2 + 11*h. Let s(n) be the second derivative of r(n). Give s(4).
0
Let s(g) = 2*g - 6. Suppose 0 = 4*r + 5*r - 36. Let f be s(r). Let d(l) = 4*l**2 + 1. What is d(f)?
17
Let y be (0 + -2)/(320/(-30) - -10). Let g(k) = 5*k + 3. Give g(y).
18
Let c(u) = 11*u + 19. Let d(z) = -2*z. Let a(y) = -c(y) - 5*d(y). Give a(-5).
-14
Let a(y) = y**3 + 99*y + 147 + 11*y**2 - 108*y - 133. Determine a(-12).
-22
Suppose 8 + 4 = 4*z. Let i = 59 - 52. Suppose 0 = -5*m + i + z. Let p(n) = 4*n. Determine p(m).
8
Suppose 0 = -3*l - l + 2*z + 4, 0 = 4*l - 3*z. Suppose l*f - 90 = 3. Suppose 4*w + 3 = -4*i + f, -2*w = -2*i + 2. Let u(b) = b**2 - 6*b + 5. Calculate u(i).
-3
Let z(j) = 4*j**2 + 3*j + 4. Let y be (-252)/56 - 3/(-2). What is z(y)?
31
Let m(v) = -2*v + 4. Let k be m(5). Let w be ((-2)/k)/(2/(-6)). Let q be (w + -1)*(-5)/(-10). Let x(j) = 11*j**3 - j**2. Give x(q).
-12
Let i(h) = h**2 - 2*h + 3. Suppose 5*d - 25 = -0*d. Suppose -38 = 4*j - 3*j + d*v, -j + 7 = -4*v. Let t = -8 - j. Give i(t).
18
Let l(c) = 6*c - 5*c**2 + 4*c**2 + 4 - 3*c. Suppose -3*z - 14 = -4*p + 13, -2*p = 2*z - 10. Determine l(p).
-14
Let p(t) = 2*t + 10. Let z(i) = -i**3 - 3*i**2 + 6*i + 8. Let g be (30/(-12))/(2/4). Let x be z(g). Let w = x - 35. Determine p(w).
-4
Suppose -187 = -10*u - 177. Let d(l) = -l**2 - l + 1. Give d(u).
-1
Suppose 4*q = 5*q - 4*g - 25, 0 = -2*q + 5*g + 35. Let h(p) be the first derivative of -7*p + 10*p + 3*p**2 + 1 - 4*p**2. What is h(q)?
-7
Let q be 11/(-2) - (-2)/(-4). Let p(g) be the first derivative of 6 + 2*g**3 + 3*g + 1/4*g**4 + 0*g**2. What is p(q)?
3
Let s(o) = 14*o - 6. Let t(w) = 4*w + 1. Let g(f) = -s(f) + 5*t(f). Calculate g(-10).
-49
Let f(q) be the third derivative of 0 + 1/60*q**5 + 0*q - 1/2*q**3 + 4*q**2 + 1/12*q**4. Calculate f(-5).
12
Suppose 12*n + 14 = 518. Let q(b) = 91 + b - 49 - n. Let t = 16 - 11. What is q(t)?
5
Let b(a) = -3*a**2 + 0*a**2 - 2*a + 1 + 0. Suppose -3*j + 221 = -f + 217, -5*j + 2*f = -6. Calculate b(j).
-15
Let v(b) be the third derivative of b**5/60 + 7*b**4/24 + b**3 - 6*b**2. Let p = -36 - -50. Let f = 10 - p. Calculate v(f).
-6
Let y(q) = q**3 - 9*q**2 + 15*q - 2. Suppose 2*p + i - 19 = 0, -i + 7 = 5*p - 33. Calculate y(p).
5
Let a(w) = w**3 - w**2 - 14*w + 19. Let k be a(2). Let x(c) = -4*c + 5. Calculate x(k).
25
Let k = -26 - -26. Let j(b) = b**2 - 4 + 1 - 3*b + k + 2. What is j(3)?
-1
Let u(z) = 3*z**3 - 5*z**2 - 2*z + 3. Let n(q) = q**3 + q**2 - 2*q + 4. Let t(s) = -2*n(s) + u(s). Calculate t(6).
-29
Let d(k) = k**2 - k + 1. Suppose -5*s + 8 - 3 = 0. Let f(g) = -4*g**2 + 5*g - 3. Let r(i) = s*f(i) + 5*d(i). Calculate r(2).
6
Let n(y) = -5*y**2 + 6*y. Let s(q) = 9*q**2 - 11*q - 1. Let f(p) = 7*n(p) + 4*s(p). Let g(t) = t + 2. Let k be g(2). Give f(k).
4
Let y(k) = -k**2 + k - 3. Suppose -6*v + 165 = 177. Determine y(v).
-9
Let s(d) be the first derivative of -d**4/4 - d**3/3 + 2*d - 107. Give s(-2).
6
Let j(d) be the first derivative of 2*d**3/3 + d**2/2 - d + 1. Let s(x) = 2*x**3 - 2*x**2 - 3*x + 4. Let m be s(2). Suppose -m*l + 14 = -13*l. Give j(l).
5
Let z(y) be the third derivative of -3*y**4/8 - y**3/6 + 1463*y**2. Let a be 0 + (0 - 0) - -1. What is z(a)?
-10
Suppose -2*y = -2*b - 14, 40*b + 29 = 36*b + 5*y. Let o(v) = 3*v - v**3 - 5 - 4*v - 6*v**2 + 2*v. What is o(b)?
-11
Let m(o) = -o + 8. Let k be ((-2)/6)/((-2)/(-78)). Let v = 19 + k. Determine m(v).
2
Let f(w) = 1 + w + 4 - 6 - 6. Suppose 0*g + 4*g - 25 = -n, -3*g + 10 = -n. Let l(y) = y**3 - 4*y**2 - 4*y - 5. Let u be l(n). Determine f(u).
-7
Let x(a) be the second derivative of -a**5/20 + 7*a**4/12 - 7*a**3/6 + 7*a**2/2 - 2*a + 75. Give x(6).
1
Let n(f) = 4*f**3 + 36*f**2 + 4. Let r(o) = -3*o**3 - 33*o**2 + 4*o - 3. Let x(t) = -4*n(t) - 5*r(t). Calculate x(20).
-1
Suppose -8*k + 17 = 1. Let r(n) = -n**2 - n - 2. Calculate r(k).
-8
Let d = 159 + -162. Let i(s) = s**2 - 4. Determine i(d).
5
Let d be (-8)/6*15/(-10). Suppose 4*b = -d*b + 12. Suppose 6 = 3*m + 2*n, -2*m = -3*m + b*n - 6. Let j(l) = -l - 3. Calculate j(m).
-3
Let t(p) = 33 - 31 - 14*p + 12*p. Determine t(-1).
4
Let s(t) be the second derivative of -t**5/20 - 7*t**4/6 + t**3/6 + 11*t**2/2 + 655*t. Calculate s(-14).
-3
Let y(l) = -l**2 + 11*l + 2. Let s = 637 - 629. What is y(s)?
26
Let h(p) be the second derivative of p**3/6 - 3*p**2/2 - 19*p. Suppose 0 = -4*d + 3*a + 29, -2*d + 17 = -0*d + a. Determine h(d).
5
Let m(i) = 9*i**3 + 7*i - 14*i + 10*i - 11*i**3 + 1. Suppose 3*j = 6*j + 6. What is m(j)?
11
Let b(z) = -z - 20. Let y be b(-9). Let n = 11 + y. Let q(h) = h**3 - h - 7. Give q(n).
-7
Let j(c) = 2*c + 41*c**3 + 0*c - 40*c**3 - 9 + 5*c**2 + 0*c. Calculate j(-4).
-1
Let n(b) be the third derivative of b**5/20 - b**4/24 - b**2. Let r = -71 - -134. Suppose -r = -4*q - 55. Determine n(q).
10
Let z(o) be the first derivative of -o**3/6 + 5*o**2/2 - 11*o - 10. Let f(t) be the first derivative of z(t). What is f(-5)?
10
Suppose 3*f + 5*r = 2*r, 3*r = 2*f - 15. Suppose -4*s = -f*v + 5 - 11, -2 = -2*s + 2*v. Let k(i) = 2*i**2 - 2. Give k(s).
16
Let h be ((-192)/40)/((-30)/75). Let n(t) = t**3 - 11*t**2 - 16*t + 15. Calculate n(h).
-33
Suppose 2*m + h + 7 = 0, m = -2*h - 9 - 2. Let x be (-1 - -2)*(-1)/m. Let s(q) = -3*q**2. What is s(x)?
-3
Let i(x) = -10 - 194*x - x**2 + 7 + 204*x. Let z be (-2)/(-9) + 122/18. Suppose 23 = 5*h - z. Calculate i(h).
21
Let p(b) = 2*b**3 + b**2 - 2*b + 1. Let j(f) = 10*f**3 + 6*f**2 - 11*f + 5. Let m(i) = 2*j(i) - 11*p(i). Calculate m(1).
-2
Le